composite?
False
Is 1493683 a composite number?
False
Is 20849 a composite number?
False
Is 40085 composite?
True
Is 1126189 composite?
False
Is 9127 a composite number?
False
Is 120481 a composite number?
True
Is 7343 a prime number?
False
Is 6469 composite?
False
Is 615634 prime?
False
Is 12715 a prime number?
False
Is 555739 a composite number?
False
Is 1901 prime?
True
Is 5609 composite?
True
Is 190187 prime?
False
Is 2813 prime?
False
Is 520726 a prime number?
False
Is 15359 a composite number?
False
Is 5319547 prime?
True
Is 212791 composite?
False
Is 86782 prime?
False
Is 2209409 composite?
False
Is 8353 a composite number?
False
Is 655 a composite number?
True
Is 75233 prime?
False
Is 2517481 a prime number?
False
Is 51503 a composite number?
False
Is 265787 composite?
False
Is 3389 prime?
True
Is 1973 prime?
True
Is 6121 prime?
True
Is 52721 a prime number?
True
Is 804301 a prime number?
False
Is 811 a prime number?
True
Is 27257 composite?
True
Is 4907 composite?
True
Is 223154 a composite number?
True
Is 42379 a composite number?
False
Is 4771 a composite number?
True
Is 1362863 composite?
False
Is 42909 a composite number?
True
Is 152547 a prime number?
False
Is 7807 composite?
True
Is 12235 a composite number?
True
Is 2119 a composite number?
True
Is 52619 composite?
True
Is 2221 composite?
False
Is 70709 a composite number?
False
Is 13307 a prime number?
False
Is 17729 composite?
False
Is 444913 composite?
True
Is 108529 a prime number?
True
Is 2153 prime?
True
Is 443773 a prime number?
False
Is 262895 a prime number?
False
Is 8999 a prime number?
True
Is 388601 a composite number?
True
Is 243461 a composite number?
False
Is 56471 a composite number?
True
Is 14354 prime?
False
Is 2497 prime?
False
Is 354517 composite?
True
Is 4169 a composite number?
True
Is 1654649 prime?
True
Is 4547 prime?
True
Is 907 composite?
False
Is 499703 composite?
True
Is 34491 a composite number?
True
Is 837017 prime?
True
Is 51217 a prime number?
True
Is 320469 prime?
False
Is 4766577 a prime number?
False
Is 31 prime?
True
Is 10883 a composite number?
False
Is 261281 a prime number?
True
Is 100277 a composite number?
True
Is 62389 a prime number?
False
Is 1314389 composite?
True
Is 5669 prime?
True
Is 13619 composite?
False
Is 529081 composite?
True
Is 4721 a composite number?
False
Is 30437 a composite number?
True
Is 1151 a composite number?
False
Is 1334603 a composite number?
False
Is 195449 prime?
False
Is 216593 composite?
True
Is 150551 a prime number?
True
Is 13343 composite?
True
Is 67331 composite?
True
Is 33013 prime?
True
Is 59903 prime?
False
Is 73583 composite?
False
Is 3985 prime?
False
Is 425519 a composite number?
False
Is 2815 composite?
True
Is 547161 prime?
False
Is 76619 composite?
True
Is 65609 a composite number?
False
Is 22177 a composite number?
True
Is 1801 prime?
True
Is 285127 composite?
True
Is 2039 a composite number?
False
Is 5807 a composite number?
False
Is 2999 composite?
False
Is 5898043 a prime number?
True
Is 23649 composite?
True
Is 756043 composite?
False
Is 6834739 a composite number?
False
Is 41867 composite?
True
Is 52079 prime?
False
Is 29005 composite?
True
Is 172138 prime?
False
Is 2837 composite?
False
Is 39257 a prime number?
False
Is 9667 a prime number?
False
Is 5039 a prime number?
True
Is 77137 prime?
True
Is 25741 prime?
True
Is 30397 a prime number?
False
Is 3827 prime?
False
Is 7907 a prime number?
True
Is 27299 a composite number?
False
Is 1996027 a composite number?
True
Is 44867 a composite number?
False
Is 2761 prime?
False
Is 19069 a composite number?
False
Is 16547 a composite number?
False
Is 24407 a prime number?
True
Is 198899 a composite number?
False
Is 6521 a composite number?
False
Is 895 a composite number?
True
Is 12707 a composite number?
True
Is 1307389 a composite number?
True
Is 244579 a composite number?
True
Is 42047 prime?
False
Is 413 prime?
False
Is 3593 a prime number?
True
Is 262 composite?
True
Is 394885 composite?
True
Is 26027 prime?
False
Is 13841 a composite number?
False
Is 36107 prime?
True
Is 55313 prime?
True
Is 730277 a composite number?
False
Is 42323 prime?
True
Is 2579 a prime number?
True
Is 87931 composite?
False
Is 889753 a prime number?
False
Is 85081 a prime number?
True
Is 320159 composite?
True
Is 3359221 a composite number?
False
Is 455605 a prime number?
False
Is 46193 a prime number?
False
Is 34934 composite?
True
Is 32191 a prime number?
True
Is 55162 a composite number?
True
Is 39253 a prime number?
False
Is 104087 prime?
True
Is 5773 prime?
False
Is 26459 a prime number?
True
Is 1377223 prime?
True
Is 26053 prime?
True
Is 3719 composite?
False
Is 1075883 composite?
True
Is 2031937 a composite number?
False
Is 4327 a prime number?
True
Is 76403 composite?
False
Is 685 composite?
True
Is 13579 composite?
True
Is 29629 a prime number?
True
Is 1474421 composite?
True
Is 139331 a composite number?
True
Is 168877 composite?
True
Is 583991 prime?
True
Is 7621 a composite number?
False
Is 114671 composite?
False
Is 14281 a prime number?
True
Is 23663 prime?
True
Is 118831 a composite number?
False
Is 70037 a composite number?
True
Is 7507 prime?
True
Is 43477 a composite number?
True
Is 134069 prime?
False
Is 44047 a composite number?
True
Is 626 a composite number?
True
Is 8053 a prime number?
True
Is 35071 composite?
True
Is 2374 composite?
True
Is 197137 a composite number?
False
Is 1779599 composite?
True
Is 168497 a prime number?
False
Is 11402 a prime number?
False
Is 21577 a prime number?
True
Is 8069 prime?
True
Is 5299 a composite number?
True
Is 283181 composite?
False
Is 5755 prime?
False
Is 29177 composite?
True
Is 9527 composite?
True
Is 258061 prime?
True
Is 167521 a prime number?
True
Is 295751 prime?
True
Is 1461358 a composite number?
True
Is 148147 prime?
True
Is 416351 prime?
False
Is 641327 composite?
False
Is 14969 composite?
False
Is 5599 composite?
True
Is 2939 a composite number?
False
Is 5251 a composite number?
True
Is 30497 a prime number?
True
Is 5098855 prime?
False
Is 2251 prime?
True
Is 6239 a composite number?
True
Is 1141 prime?
False
Is 11399 prime?
True
Is 53249 a composite number?
True
Is 202891 a composite number?
True
Is 44633 a composite number?
False
Is 6349 a prime number?
False
Is 5557 a composite number?
False
Is 2318165 a composite number?
True
Is 2447 composite?
False
Is 42429 a prime number?
False
Is 265 prime?
False
Is 911301 prime?
False
Is 727223 a composite number?
True
Is 25895 composite?
True
Is 5209 a composite number?
False
Is 15427 prime?
True
Is 63577 a prime number?
True
Is 16817 a prime number?
False
Is 1238 a prime number?
False
Is 6049 a prime number?
False
Is 2539 prime?
True
Is 30551 composite?
True
Is 160729 composite?
True
Is 28901 composite?
False
Is 8737 a composite number?
False
Is 222269 a composite number?
False
Is 170699 a prime number?
False
Is 22061 composite?
True
Is 2733 composite?
True
Is 2362431 a prime number?
False
Is 79246 composite?
True
Is 240371 a prime number?
True
Is 12439 a prime number?
False
Is 7147 a prime number?
False
Is 674953 a composite number?
False
Is 14461 composite?
False
Is 381 a composite number?
True
Is 616261 a prime number?
True
Is 2008817 composite?
False
Is 122387 a prime number?
True
Is 174841 prime?
False
Is 579757 composite?
False
Is 22738 a prime number?
False
Is 791 composite?
True
Is 275813 composite?
False
Is 31847 a composite number?
False
Is 1261 composite?
True
Is 484361 prime?
True
Is 396901 a composite number?
True
Is 70561 a composite number?
True
Is 175753 prime?
True
Is 39199 a prime number?
True
Is 8079 a prime number?
False
Is 2579 a composite number?
False
Is 377011 a composite number?
False
Is 803293 composite?
True
Is 106313 a prime number?
False
Is 1061381 prime?
False
Is 20861 composite?
True
Is 2927 a prime number?
True
Is 291619 prime?
True
Is 61159 composite?
True
Is 9967 a prime number?
True
Is 5079 prime?
False
Is 43895 prime?
False
Is 56873 a prime number?
True
Is 3251 a composite number?
False
Is 320413 prime?
False
Is 9349 a prime number?
True
Is 318601 a prime number?
True
Is 26869 composite?
True
Is 129707 composite?
False
Is 2588003 a composite number?
True
Is 56807 a prime number?
True
Is 32321 a prime number?
Tr